 base 7
-53
Convert 3 (base 10) to base 5.
3
What is -334 (base 5) in base 15?
-64
Convert -2 (base 8) to base 15.
-2
What is 38 (base 14) in base 11?
46
3 (base 16) to base 9
3
-7 (base 8) to base 10
-7
42 (base 7) to base 6
50
What is -2 (base 5) in base 16?
-2
9 (base 13) to base 3
100
What is 82 (base 12) in base 16?
62
What is 2 (base 16) in base 12?
2
Convert 35 (base 14) to base 13.
38
Convert -1a (base 12) to base 13.
-19
Convert -159 (base 11) to base 8.
-271
What is 1132 (base 4) in base 8?
136
-164 (base 12) to base 16
-dc
What is -8 (base 14) in base 7?
-11
-101 (base 6) to base 15
-27
Convert 7 (base 9) to base 5.
12
0 (base 10) to base 8
0
Convert -1 (base 13) to base 7.
-1
What is 1 (base 11) in base 10?
1
Convert -2 (base 14) to base 11.
-2
Convert 42 (base 11) to base 12.
3a
Convert 2 (base 6) to base 4.
2
Convert 11010 (base 2) to base 3.
222
Convert -221 (base 3) to base 4.
-121
-3 (base 8) to base 15
-3
What is -343 (base 6) in base 10?
-135
What is 56 (base 11) in base 7?
115
-31 (base 8) to base 7
-34
62 (base 7) to base 6
112
What is -1 (base 4) in base 8?
-1
What is 314 (base 6) in base 16?
76
Convert 18 (base 10) to base 15.
13
209 (base 10) to base 16
d1
-4 (base 9) to base 5
-4
What is 2 (base 7) in base 5?
2
What is 0 (base 13) in base 4?
0
0 (base 8) to base 11
0
What is 30 (base 4) in base 8?
14
9 (base 12) to base 9
10
-10 (base 2) to base 16
-2
Convert -400 (base 7) to base 15.
-d1
-10 (base 6) to base 12
-6
-2 (base 13) to base 14
-2
What is -2 (base 11) in base 12?
-2
28 (base 14) to base 7
51
Convert -10 (base 2) to base 8.
-2
What is -13 (base 12) in base 16?
-f
Convert 22 (base 8) to base 9.
20
What is -4 (base 10) in base 13?
-4
What is -34 (base 9) in base 2?
-11111
What is -124 (base 8) in base 12?
-70
Convert -34 (base 8) to base 16.
-1c
Convert -5 (base 11) to base 16.
-5
What is 201 (base 4) in base 2?
100001
-12 (base 11) to base 7
-16
What is -303 (base 7) in base 12?
-106
-8 (base 11) to base 15
-8
What is -2 (base 6) in base 16?
-2
Convert -10121 (base 3) to base 6.
-241
Convert -16 (base 8) to base 7.
-20
What is 0 (base 7) in base 16?
0
Convert 0 (base 4) to base 5.
0
Convert -54 (base 15) to base 5.
-304
What is 0 (base 10) in base 6?
0
What is 1 (base 4) in base 10?
1
Convert 5 (base 8) to base 16.
5
What is 0 (base 15) in base 5?
0
Convert -16 (base 15) to base 2.
-10101
What is -12 (base 3) in base 8?
-5
What is b9 (base 13) in base 3?
12122
Convert -4 (base 8) to base 15.
-4
Convert 3 (base 8) to base 10.
3
What is -1 (base 5) in base 14?
-1
Convert -3 (base 12) to base 10.
-3
Convert 3 (base 16) to base 10.
3
What is -14 (base 14) in base 6?
-30
Convert -100 (base 2) to base 7.
-4
-11101111 (base 2) to base 3
-22212
Convert -3 (base 13) to base 11.
-3
Convert -25 (base 9) to base 12.
-1b
What is e (base 16) in base 6?
22
Convert -12 (base 7) to base 11.
-9
What is -50 (base 6) in base 3?
-1010
What is -2122 (base 4) in base 8?
-232
Convert 2 (base 10) to base 14.
2
What is -1011 (base 2) in base 6?
-15
What is 0 (base 16) in base 6?
0
-1001101 (base 2) to base 11
-70
What is 39 (base 10) in base 3?
1110
What is 101 (base 2) in base 7?
5
What is -24 (base 16) in base 8?
-44
96 (base 14) to base 8
204
What is -5 (base 12) in base 6?
-5
-25 (base 8) to base 3
-210
What is 1 (base 5) in base 12?
1
Convert -102 (base 3) to base 6.
-15
-2c (base 13) to base 6
-102
What is 267 (base 12) in base 8?
557
What is 16 (base 14) in base 4?
110
Convert 2 (base 13) to base 11.
2
Convert -29 (base 16) to base 14.
-2d
Convert 12 (base 16) to base 3.
200
What is 100 (base 2) in base 5?
4
Convert -3 (base 10) to base 6.
-3
What is -101 (base 4) in base 14?
-13
Convert 7 (base 10) to base 14.
7
What is 1024 (base 7) in base 5?
2421
Convert 12121 (base 4) to base 16.
199
Convert -4 (base 8) to base 5.
-4
Convert -2 (base 7) to base 10.
-2
What is -1d (base 16) in base 6?
-45
What is -113 (base 4) in base 12?
-1b
-1 (base 10) to base 4
-1
-54 (base 6) to base 3
-1021
-117 (base 9) to base 4
-1201
What is 21 (base 8) in base 14?
13
Convert 56 (base 7) to base 9.
45
Convert 1001 (base 2) to base 5.
14
What is -3 (base 4) in base 6?
-3
What is -10 (base 4) in base 7?
-4
142 (base 5) to base 13
38
What is -10 (base 2) in base 14?
-2
15 (base 10) to base 12
13
3 (base 12) to base 8
3
-5 (base 13) to base 4
-11
Convert 3 (base 9) to base 13.
3
Convert -43 (base 6) to base 9.
-30
-2 (base 14) to base 12
-2
Convert 100011011 (base 2) to base 10.
283
-a (base 13) to base 5
-20
3 (base 5) to base 2
11
Convert -1 (base 7) to base 14.
-1
14 (base 5) to base 4
21
3 (base 4) to base 16
3
What is 554 (base 6) in base 10?
214
-1223 (base 4) to base 5
-412
Convert 3 (base 11) to base 16.
3
Convert -211 (base 3) to base 12.
-1a
What is -4 (base 5) in base 13?
-4
Convert -30 (base 10) to base 5.
-110
What is -12 (base 3) in base 11?
-5
Convert -1000 (base 4) to base 5.
-224
-e (base 15) to base 11
-13
What is 3 (base 15) in base 5?
3
Convert -101 (base 2) to base 5.
-10
Convert a4 (base 14) to base 13.
b1
Convert -7 (base 14) to base 10.
-7
-1121 (base 3) to base 5
-133
1035 (base 6) to base 9
285
-5 (base 8) to base 14
-5
What is 1 (base 13) in base 11?
1
Convert 7 (base 11) to base 2.
111
-1 (base 8) to base 2
-1
Convert 17 (base 16) to base 8.
27
What is -18 (base 10) in base 3?
-200
2 (base 4) to base 12
2
Convert 1132 (base 4) to base 9.
114
What is ca (base 13) in base 10?
166
Convert -103 (base 4) to base 5.
-34
Convert 12 (base 11) to base 9.
14
-126 (base 8) to base 11
-79
-17 (base 14) to base 13
-18
Convert -187 (base 13) to base 8.
-430
What is -2 (base 8) in base 16?
-2
What is -4 (base 11) in base 13?
-4
3 (base 4) to base 13
3
22 (base 8) to base 2
10010
Convert -86 (base 9) to base 16.
-4e
Convert 11 (base 8) to base 5.
14
Convert 4 (base 9) to base 6.
4
a (base 11) to base 16
a
-3 (base 11) to base 5
-3
Convert 0 (base 3) to base 9.
0
-57 (base 8) to base 2
-101111
Convert -46 (base 7) to base 10.
-34
What is -12 (base 7) in base 6?
-13
What is -52 (base 12) in base 5?
-222
Convert -10 (base 11) to base 14.
-b
Convert -13 (base 10) to base 12.
-11
Convert -5a (base 13) to base 2.
-1001011
1240 (base 5) to base 10
195
-11 (base 2) to base 12
-3
Convert -29 (base 14) to base 5.
-122
What is 3034 (base 5) in base 8?
612
What is -94 (base 14) in base 7?
-244
Convert 1 (base 11) to base 13.
1
-5 (base 16) to base 9
-5
15 (base 6) to base 11
10
-4 (base 9) to base 15
-4
-34 (base 8) to base 9
-31
What is 20 (base 7) in base 11?
13
What is -48 (base 11) in base 10?
-52
Convert -20 (base 5) to base 14.
-a
What is -1344 (base 6) in base 5?
-2402
Convert -10 (base 2) to base 9.
-2
Convert 1 (base 14) to base 13.
1
Convert 63 (base 9) to base 2.
111001
-1 (base 3) to base 9
-1
Convert -45 (base 10) to base 5.
-140
-516 (base 7) to base 4
-10002
What is -43 (base 12) in base 14?
-39
-23 (base 5) to base 2
-1101
What is 3 (base 9) in base 11?
3
What is 11 (base 13) in base 15?
e
Convert -3 (base 4) to base 3.
-10
Convert -48 (base 16) to base 10.
-72
What is -4 (base 7) in base 16?
-4
Convert 4 (base 8) to base 4.
10
1342 (base 5) to base 8
336
Convert -14b (base 12) to base 3.
-21112
-110 (base 2) to base 8
-6
What is -40 (base 16) in base 15?
-44
Convert -39 (base 11) to base 7.
-60
What is 14 (base 5) in base 6?
13
What is a (base 13) in base 16?
a
What is 21 (base 4) in base 15?
9
Convert -a (base 12) to base 13.
-a
Convert 1 (base 16) to base 14.
1
Convert 2c (base 16) to base 3.
1122
What is -5 (base 10) in base 15?
-5
-1 (base 12) to base 4
-1
What is 11 (base 2) in base 8?
3
Convert -140 (base 8) to base 3.
-10120
Convert 10 (base 12) to base 5.
22
Convert 22 (base 3) to base 12.
8
Convert -135 (base 14) to base 8.
-363
10 (base 6) to base 14
6
-2 (base 13) to base 9
-2
Convert -5 (base 9) to base 14.
-5
4 (base 13) to base 16
4
14 (base 15) to base 16
13
What is 3 (base 12) in base 16?
3
1 (base 15) to base 6
1
25 (base 11) to base 5
102
12 (base 4) to base 11
6
Convert 1000 (base 2) to base 15.
8
What is -1 (base 11) in base 3?
-1
Convert 25 (base 12) to base 13.
23
Convert -1020 (base 4) to base 13.
-57
Convert d2 (base 14) to base 12.
134
43 (base 5) to base 3
212
-1400 (base 6) to base 11
-2a8
What is -1 (bas